 7
Let u = 460 - 421. Suppose -3*h - 189 = -5*q - 2, -h = q - u. List the prime factors of q.
2, 19
Let f(v) = 60*v**2 + 21*v - 657. List the prime factors of f(16).
3, 557
Let n(o) = 62*o + 33*o + 831 - 791. List the prime factors of n(8).
2, 5
Let d be 0 - -1 - (-18 + 19). Suppose c = 4*m - 491, -2*m - 3*c - 31 + 294 = d. List the prime factors of m.
2, 31
Let n(u) = u**3 + 7*u**2 - 4*u + 7. Let k be n(-5). Let c = 564 + k. What are the prime factors of c?
641
Suppose -k - 27 = 3*t, -3*t - 9 = -k + 18. Let q be (33/(-11))/(t/1389). Suppose 3*p - q + 1523 = 4*b, -1080 = -4*b - 2*p. List the prime factors of b.
2, 67
Let a = -1773 - -4698. What are the prime factors of a?
3, 5, 13
Suppose -60*v + 56*v + 16 = 0. Suppose 4*m - 3811 = -3*t, -m - v*t + 2860 = 2*m. List the prime factors of m.
2, 7, 17
Suppose 0 = 15*a - 14*a - 424. Let l = a + -108. List the prime factors of l.
2, 79
Let o(z) = -91 - 6093*z - 2*z**2 + 6055*z - z**2 + 4*z**2 + 0*z**2. What are the prime factors of o(60)?
1229
Suppose 8*v + 12*v = 20. Let x(m) = 460*m**3 + 3*m**2 + 2*m - 3. List the prime factors of x(v).
2, 3, 7, 11
List the prime factors of 1887*((-23000)/(-69))/20.
2, 5, 17, 37
Let w = 888 - 1567. Let d = w - -935. What are the prime factors of d?
2
Suppose 32757 = 11*a - 9527. What are the prime factors of a?
2, 31
Let y(x) = -2*x**2 + 7*x - 3. Let d(p) = -p**2 + 1. Let z(k) = -3*d(k) - y(k). Let q be z(5). Suppose 2*c - 4*v = q, 4*v = 6*v - 4. List the prime factors of c.
7
Let s = 28 - 25. Suppose -755 = -5*i - 4*l, 2*i - 755 = -s*i + 3*l. Let h = 214 - i. List the prime factors of h.
3, 7
Let t(n) = n**3 - 21*n**2 + 37*n - 44. Let h be t(21). Suppose -h*u + 739*u = 1170. What are the prime factors of u?
3, 5, 13
Suppose -25*r + 33*r - 24 = 0. Suppose 4*c + 28 = 4*z, 8*z - 25 = 3*z + r*c. What are the prime factors of z?
2
Let w be (3 - (-156)/(-20))/(3/(-340)). Suppose 0 = 13*q - 17*q + w. List the prime factors of q.
2, 17
Let q(x) = x**3 - 8*x**2 + 4*x - 12. Let p be q(8). Suppose 5*c = 4*a + p, -16 = -4*c + 3*a - 2*a. Suppose 73 = c*y + 1. List the prime factors of y.
2, 3
Suppose 0 = -24*x - 51*x + 615375. List the prime factors of x.
3, 5, 547
Suppose 0 = -3*n - 12, y - 1714 = -3*n + 4495. List the prime factors of y.
6221
Let k be 752/32 - 6/4. Let t = 33 - k. Suppose -335 = -2*c - t*s + 8*s, 2*s - 6 = 0. What are the prime factors of c?
163
Let j = -9 - -12. Suppose 8*i = -g + 3*i + 112, 4*g - j*i = 517. Suppose -g = 11*d - 12*d. What are the prime factors of d?
127
Let k be 0/((-2 - -20)/9). Let g(d) = d**3 - 11*d**2 - 12*d + 3. Let s be g(12). Suppose -s*u + 52 + 275 = k. List the prime factors of u.
109
Suppose 0 = -8*i + 128*i - 2315640. List the prime factors of i.
23, 839
Suppose -4 = -4*v, 4*t + 21*v - 22*v = 32983. List the prime factors of t.
2, 7, 19, 31
List the prime factors of 4196 + 8 + (15/2)/(-5)*-2.
7, 601
Let w = -390 - -396. Suppose -w*b + 5021 + 37 = 0. What are the prime factors of b?
3, 281
Let m = -146 + 214. Suppose -4*t + 1466 = 5*h, 2*t - 662 = -h + m. List the prime factors of t.
2, 7, 13
Let o = -18 - -13. Let p(v) = -v**3 + 1 - 70*v**2 + 5*v + 69*v**2 + 0. List the prime factors of p(o).
2, 19
List the prime factors of (-24956142)/(-1268) - (3/(-4))/((-3)/2).
19681
Suppose 3*s - 525 = -4*h, -16*h = s - 11*h - 175. Suppose -2*n + 241 = -s. What are the prime factors of n?
2, 13
Let b = 605 + -595. Let z(l) be the second derivative of 7*l**3/6 + 18*l**2 + l. List the prime factors of z(b).
2, 53
Let b be 25/(1575/(-54))*(-21)/6. List the prime factors of (8 - (13 - 6))/(b/2253).
751
Let b = -39 + 41. Suppose -5*r = -b*u + 3*u - 229, u - 4*r = 184. What are the prime factors of u?
2, 3, 17
List the prime factors of 61/((-793)/(-4550)) - (3 + (2 - 1)).
2, 173
Let z(g) = 3*g**2 - 5*g + 16. Let h be z(18). Suppose -h - 1448 = -3*j. List the prime factors of 2/20*j + 4/(-20).
2, 3, 13
Let o(b) = -153*b + 14. Let d be o(-3). Suppose 19*t + d = 20*t. List the prime factors of t.
11, 43
Let y = 2488 - 238. Suppose 5*q + 100 = -g + y, -5*g - 4*q + 10729 = 0. What are the prime factors of 1/2 - g/(-26)?
83
Let t(w) = 10*w**2 - 47*w - 2. Let u = 128 - 137. List the prime factors of t(u).
1231
Let i(b) = -146*b - 101. Let y(l) = -289*l - 203. Let z(t) = -11*i(t) + 6*y(t). What are the prime factors of z(-7)?
3, 263
Let s = -5319 - -10960. List the prime factors of s.
5641
List the prime factors of 4/(-12 - 253/(-22))*(-7237)/2.
2, 7237
Let i(d) = 113*d**2 - 29*d + 760. List the prime factors of i(23).
2, 5, 5987
Suppose 0 + 0 = -4*z. Let f be (1 - -2) + (423 - z)/3. Suppose -87 - f = -3*u. What are the prime factors of u?
7, 11
Let d = 1040 - 52. Let k = d + -367. List the prime factors of k.
3, 23
Let d(h) = 16*h**3 - 4*h**2 - 7*h + 5. Let v be d(3). Suppose 215 = -2*i + 219. List the prime factors of i/(-3) - v/(-12).
31
Suppose 4*a + 222*t - 220*t = 66884, -12 = -2*t. List the prime factors of a.
2, 13, 643
Suppose -13*v + 1786 = -385. Suppose -2*f + v = -751. What are the prime factors of f?
3, 17
Suppose l - g - 6213 = 0, -6*g + 9*g = 5*l - 31067. What are the prime factors of l?
2, 13, 239
What are the prime factors of -5682*(-11)/(44/6) + (-8 - -6)?
8521
Let r be -302*8/96*-6. Suppose 0 = z - 2*d - r, z - 3*d - 141 = d. What are the prime factors of z?
7, 23
Suppose -3*h + 198300 - 45561 = -3*q, h - 50865 = -5*q. What are the prime factors of h?
5, 10181
Suppose -4841 = 14*r - 39*r + 16984. List the prime factors of r.
3, 97
Suppose 434 = 4*k - 4*r + 126, 3*k - r = 221. Let g be 38/9 - 16/k. Let b(d) = 2*d**3 - 3*d**2 - 2*d - 5. What are the prime factors of b(g)?
67
Suppose -2*b + 19234 - 5363 = -5*l, 2*b - 3*l = 13885. List the prime factors of b.
17, 409
Suppose -9*o + 5*x + 28849 = 0, 6407 = 2*o + x - 6*x. List the prime factors of o.
2, 7, 229
Let p be 0 - -5 - (-3612)/(-12). List the prime factors of (-3)/(2/p*4).
3, 37
Suppose -5*h + 4 + 18 = s, 0 = -3*s + 3*h - 6. Suppose -151 = j + 5*p - 538, 0 = 3*j + s*p - 1200. Let k = j + -197. List the prime factors of k.
5, 41
Let r = 8449 - 6501. List the prime factors of r.
2, 487
Let i = 7907 + -5538. What are the prime factors of i?
23, 103
Let t = -99874 - -152491. List the prime factors of t.
3, 17539
Suppose -1292 = -w - 4*k, w + 2*k - 2566 = -w. List the prime factors of w.
2, 5
Let o = -121 + 124. Suppose -3*k + 228 = o*j, 0*j - 5*j = -k - 368. What are the prime factors of j?
2, 37
Suppose 127*c + 45 = 142*c. Suppose 0 = c*p - 3*l - 987 + 45, 3*p + 4*l = 921. What are the prime factors of p?
311
Let v = 14081 - 5453. What are the prime factors of v?
2, 3, 719
Let z(u) = 2*u**3 + 2*u**2 + 4*u - 3. Suppose 2*s = 5 - 53. Let j be ((-3)/(-4))/((-6)/s). List the prime factors of z(j).
3
Suppose 3*n - 22188 = -12*k + 9*k, 0 = 11*n - 5*k - 81420. What are the prime factors of n?
2, 5, 37
Let s(o) = 6*o**2 - 18*o + 8. Let m(i) = i**2 - i. Let a = 29 + -21. Let b(t) = a*m(t) - s(t). What are the prime factors of b(-6)?
2
Let m(u) = 19*u**3 - 8*u**2 + 13*u - 16. List the prime factors of m(6).
2, 7, 277
Let y(c) = -c**2 - 4*c + 65. Let g be y(6). Suppose -3*r + 5*a + 1034 = 0, -r + g*r - 5*a = 1382. Suppose 4*j - 152 = r. List the prime factors of j.
5
Suppose -67*w + 28 = -60*w. Suppose -w*j + 134 + 202 = 0. What are the prime factors of j?
2, 3, 7
Suppose 0 = 5*g - l - 2 + 5, -3*g + 6 = 2*l. Suppose g = -f + o + 129, 375 = 2*f + f + o. What are the prime factors of (-18)/f - (-3026)/14?
2, 3
Let r be (6/(-4))/((-12)/24) - -7. Suppose -20*n + 2030 = -r*n. What are the prime factors of n?
7, 29
Let s(v) = -v**2 - 35*v - 13. Let o be (-101 + 100)/(2/(-3) - -1). List the prime factors of s(o).
83
Let z = 5192 + 2323. List the prime factors of z.
3, 5, 167
Let b be -2*((-105)/(-42) + -4 + -1). Suppose 2*x + z - 64 - 190 = 0, -4*x + 536 = -b*z. List the prime factors of x.
3, 43
Suppose 16*u + 102782 = -u. What are the prime factors of 0 + u/(-8) - (-1)/4?
2, 3, 7
Let g(t) = -799*t + 5516. What are the prime factors of g(-18)?
2, 9949
Suppose -3*b = 6, -5*o - 2*b + 469 = -77. Suppose 4*a = o + 466. Suppose 5*i = i + a. List the prime factors of i.
2, 3
Suppose -1236520 = -2769*q + 2693*q. What are the prime factors of q?
2, 5, 1627
Let r(i) = -2*i - 1. Let j(u) = 86*u - 81. Let t(o